 + 118. Let f(c) = 24*c + 10. Let u(d) = -6*f(d) - 11*l(d). Determine u(-3).
-2
Let k be 12/9*(-11 + (-130)/(-8)). Let x(l) = l**3 - 9*l**2 + 3*l + 6. Determine x(k).
-71
Let i = -21 - -22. Let v(d) = -387 + 12*d - 400 + 788. What is v(i)?
13
Suppose -3*c + 3*w - 75 = 0, -10 = w + 4*w. Let i = -14 - 6. Let q = i - c. Let r(v) = -v - 3. What is r(q)?
-10
Let v(f) be the third derivative of -f**5/20 + f**4/8 + 11*f**3/2 - 361*f**2 + 4*f. Give v(4).
-3
Let h = 6924 - 6925. Let v(d) = 50*d**3 - d**2 + d + 2. Give v(h).
-50
Let s(u) be the third derivative of u**5/30 - 7*u**4/12 + 3*u**3/2 + 5916*u**2. What is s(9)?
45
Let u(s) be the third derivative of s**4/12 - 34*s**3/3 + 5472*s**2. Determine u(38).
8
Let v = -4 + 3. Suppose -3*i - 4*f - 7 = 0, 3*f + 14 = 2. Let o(p) = 1686*p**3 - 2*p - 1662*p**i - p**2 - 2 + 1. Give o(v).
-24
Let w(p) = p**3 - 5*p**2 + 2*p - 4. Suppose -2*k = -4*a - 108, 3*a - 36 - 13 = -k. Suppose k*t - 30 = 49*t. Suppose t*z = 5*q + 5*z, 5*z = q + 20. Give w(q).
6
Let t(s) = s - 11. Suppose 0 = 48*j - 39*j. Suppose -10*i - 23*i + 495 = j. Give t(i).
4
Let s(p) = -6*p**3 + p**2 + 3*p - 2. Let y = -413 + 411. Let i(z) = 7*z**3 - 2*z**2 - 4*z + 3. Let r(c) = y*i(c) - 3*s(c). Give r(1).
4
Let d(s) = -s**3 + 3*s**2 - s + 4. Let v be (-696)/7 - (-88)/(-154). Let m be ((-6)/10)/(20/v). Determine d(m).
1
Let t(a) = 21*a**3 + 6*a**2 - 8*a + 17. Let x(i) = -17*i**3 - 5*i**2 + 6*i - 13. Let n(u) = 3*t(u) + 4*x(u). Let f be -6*(1 - 4/6). Determine n(f).
31
Let p(m) = m**3 + 22*m**2 - m + 22. Let z be p(-22). Suppose -z*y + 54*y = -10. Let s(r) be the third derivative of -r**4/8 - r**3/6 + r**2. Determine s(y).
2
Let y be 3/(-7) + (-387668)/(-476). Let s(o) = y - 2*o - 814 - 3*o. Determine s(-1).
5
Let h(z) = -z**3 + 2*z**2 - z - 4. Suppose 0 = -3*t + 12*t - 27. Suppose 0 = -5*m + w + 12, 18 = 2*m + t*m + w. Give h(m).
-16
Let u(f) = f**3 - 7*f**2 + 7*f - 15. Let r(l) = 3*l**2 + 56*l - 13. Let y = -669 - -650. Let z be r(y). Calculate u(z).
-9
Let z(v) = -v**3 + v**2 - 5. Let i(l) = -l**3 + 2*l**2 + l - 6. Let k = -174 + 172. Let g(a) = k*i(a) + 3*z(a). Give g(-3).
21
Suppose 0 = -3*s - 32 + 104. Suppose 19*a = s*a. Let c(b) = -b**3 + b**2 - b - 5. Calculate c(a).
-5
Let k(t) = -3*t**3 + 11*t**2 + 3*t - 8. Let n(b) = b**3 - 2*b**2 + 3. Let v(f) = -k(f) - 4*n(f). What is v(-5)?
61
Let g = 9289 + -9272. Let s(u) = -5*u - 6. Determine s(g).
-91
Let l(v) = v**3 + 5*v**2 - 7. Let o be 42*(6/(-12) + -2). Let y = 100 + o. What is l(y)?
-7
Let g = 20 - 14. Let m(r) = -5*r + 5*r + 2*r + 2 - r**2 - g*r**3. Give m(-1).
5
Let j(a) = a**2 - 20*a + 99. Let n = -646 - -658. Let u be j(n). Let s(o) = o**3 - o**2 - 1. Calculate s(u).
17
Let n(d) be the first derivative of -211 - 2/3*d**3 + d**2 + 3*d. Let u = -8 + 5. Calculate n(u).
-21
Let b(q) = -3*q**3 + q. Let v = 16 - 42. Let l be v*((-3)/(-4) - 20/(-16)). Let f = 53 + l. What is b(f)?
-2
Let o(k) = 2*k**3 - 20*k**2 + 40*k - 57. Let b be o(8). Let h(w) = 8*w - 17. What is h(b)?
39
Let o(n) = -n**2 + 6*n - 7. Let s(m) = -3*m + 68. Let h be s(12). Suppose 21 = -h*z + 35*z. Give o(z).
-14
Let i(v) = v**2 + 7*v - 100. Let t be i(-14). Let r(n) = 12*n**2 + 13*n + 9. Let j(k) = 6*k**2 + 6*k + 4. Let m(h) = 5*j(h) - 2*r(h). Determine m(t).
18
Let h be -2*(-3)/(6/(-4)). Let n(w) = -12*w**3 - 10*w - 11. Let z be n(-4). Let b(o) = 802 - o - o**2 + 0*o - z. Determine b(h).
-7
Let t = 1463/585 - 1/1170. Let o(v) be the first derivative of t*v**2 - 6*v + 14 - 1/3*v**3. Determine o(5).
-6
Let j(t) = 73*t + 26. Let f(u) = 23*u + 9. Let i(d) = 10*f(d) - 3*j(d). Calculate i(-4).
-32
Let c(w) = w**2 + 4*w - 1. Let m(o) = 27 - 25*o + 7*o + 14*o. Let g be m(8). What is c(g)?
4
Let a(m) be the first derivative of -m**4/4 + 5*m**3/3 + m**2/2 + 5*m - 1. Let i be a(5). Let l(w) = w + 0*w - 2*w + 25 + 20 - 33. Calculate l(i).
2
Let j(b) be the third derivative of 0*b + 1/3*b**3 + 1/24*b**4 - 2*b**2 + 9. What is j(-3)?
-1
Let o(x) = 18*x**2 - 40*x - 121. Let v(y) = 23*y**2 - 40*y - 128. Let h(k) = -5*o(k) + 4*v(k). Determine h(-18).
21
Let f(l) = 42*l**2. Let z(w) = -11*w - 109. Let i be z(-10). Determine f(i).
42
Let r(d) be the first derivative of -3*d**2 - d - 4. Let b(y) = y**3 - 5*y**2 - 9*y - 15. Let i be b(7). Let g(n) = 2*n - 39. Let a be g(i). What is r(a)?
-7
Let x(b) = 1 + 19*b - 11*b - b**3 - 4*b**2 + 0*b**2 - 7*b. Let p be x(-4). Let a be 1/(4 - 8 - p). Let w(z) = -19*z**2 - 2*z - 1. Determine w(a).
-18
Suppose 4*d - 11*q + 10*q = -2, 0 = -q - 2. Let r(v) = -11*v**3 + v**2 - v - 2. What is r(d)?
11
Let g(z) = 8227 + 8246 - 16493 - z. Determine g(-13).
-7
Let x(a) = 9*a - 1. Suppose -11 = 2*m - 69. Suppose -m*z = -34*z + 35. Suppose -3*u + 5*i - 8 = 0, -4*i + z = -2*u + 1. Calculate x(u).
-10
Let z(d) = -17*d**2 - 2*d - 2. Let l = -1029 - -1028. Give z(l).
-17
Let w = 115 - 113. Let p(k) = 8*k - 23*k + 10*k**2 - 18*k**2 + 14*k + 11*k**2. Determine p(w).
10
Let n(w) = -w**2 - 9*w - 8. Let q be ((-165)/(-6) - -1)*-2. Let o = q + 53. Let c be 1*o + -2 + (12 - 14). What is n(c)?
0
Suppose 0 = -r - 5*z - 15, 6 - 19 = -5*r - 3*z. Let c(n) be the first derivative of -n**4/4 + 2*n**3 - 3*n**2 + n - 1. Give c(r).
-4
Let y(x) = -18*x**2 + 2*x + 1. Let p be (18/36)/(1/10). Suppose 186*m = 181*m - p. Calculate y(m).
-19
Let q(j) = -4*j + 52. Let x be q(12). Suppose 0*g - 4*g + 4*y - 32 = 0, y + 7 = -x*g. Let v(s) be the first derivative of 3*s**2/2 - 4*s - 6. Give v(g).
-13
Suppose 0 = -5*z + 6 + 14. Let d(u) = u - 2. Let a = 21 - 14. Let v(o) = -2*o + 5. Let y(q) = a*d(q) + z*v(q). What is y(3)?
3
Let q(z) = -8*z + 70. Let f(u) = u**3 + 59*u**2 + 106*u - 448. Let h be f(-57). What is q(h)?
6
Let p(i) = -i**3 - 28*i**2 + 213*i + 315. Let y be p(-34). Let s(t) = -t**3 + 10*t**2 - 7*t + 15. What is s(y)?
33
Let m = 75 - 51. Suppose 5*b + 7*q - 2*q - 15 = 0, -2*q = 5*b - m. Let r(l) be the first derivative of l**2/2 - 7*l - 14. What is r(b)?
-1
Let w(x) be the first derivative of 9*x**2 - 3*x + 827. Give w(-6).
-111
Let r(a) = -a + 3. Suppose 7*h + 1221 = -2538. Let d = -545 - h. Give r(d).
11
Let o(u) = -7*u**2 + 16*u + 1. Let f(a) = -9*a**2 + 21*a + 1. Let b(t) = 3*f(t) - 4*o(t). What is b(0)?
-1
Let r be 4/(-22) - (-875)/275. Let w(q) = r*q - 2*q - 31385 + 31374. Give w(6).
-5
Let i(p) = 79*p**3 + 19*p**3 + 23*p**3 + 3*p**2 - 25*p**3 + 6 - 7 + p. What is i(-1)?
-95
Let k be 4 + (406/4)/(-29). Let l(m) be the second derivative of -1/3*m**3 + k*m**2 + 0 + 19*m. Calculate l(-1).
3
Let x(j) = -j**2 + 3*j + 20. Let d(c) be the third derivative of c**5/60 - c**4/6 - 7*c**3/2 - 131*c**2. Let g(k) = 3*d(k) + 4*x(k). Calculate g(4).
1
Suppose -195*g = -171*g - 120. Let z(q) be the third derivative of -q**4/24 + 7*q**3/6 - 22*q**2. Determine z(g).
2
Suppose -391 = -7*h + 2108. Let i = 365 - h. Let d(v) = -v**3 + 8*v**2 - 2*v + 11. Calculate d(i).
-5
Let g(m) = -9*m - 112. Suppose 4*v + 28 = -4*b, -5*b = 16 - 61. Determine g(v).
32
Let r be 8/(-5) - (-4)/(-10). Let t(w) = -5*w**2 - 2*w + 11. Let m(n) = 2. Let b be (-16)/(-36) + (-245)/45. Let y(o) = b*m(o) + t(o). Calculate y(r).
-15
Let y(m) be the third derivative of -3*m**4/8 + 17*m**3/3 + 1681*m**2. Calculate y(6).
-20
Let l(w) = -w**2 - 5*w - 1. Let t = -234 - -351. Suppose 116 = -6*i + 8. Let d be 68/i - 26/t. Determine l(d).
3
Let t(h) = -14*h - 77. Let k be t(-7). Suppose 66 = -12*a - k*a. Let j(m) = -2*m**2 + 2. Determine j(a).
-6
Let v(x) = x + 2. Suppose -4 = -2*w - 5*t - 80, -5*t + 139 = -3*w. Let m = w - -37. Let d be 1/m*-3*-6. Calculate v(d).
-1
Suppose -69 = -25*v + 31. Let r(o) = 0*o**3 - v*o**2 + 2*o + 4*o + 7 - o**3. Determine r(-5).
2
Suppose -167*y + 40 = -165*y - 5*d, -35 = -y + 5*d. Let l(r) = -r**2 - 6*r + 10. Determine l(y).
-45
Let r(w) = 22*w + 2*w**3 - 4 - 3*w**2 + 16*w - 38*w. Let a be r(2). Let t(h) be the first derivative of -h**3/3 + 5*h - 2. Give t(a).
5
Let r(m) be the first derivative of 4*m**3/3 + m**2/2 + 6*m + 1097. Calculate r(-3).
39
Let y be -10*((-3)/30*-5)/(-1). Let a(b) = -b**2 + 8*b - 10. Give a(y).
5
Let o(z) = -z**2 + 13*z - 7. Suppose -25*s = -116*s - 311*s + 4020. Calculate o(s).
23
Let i = -29 - 38. Let v = i - -69. Let t(j) = -j - 2 - 156*j**v + 157*j**2 + 3. Calculate t(3).
7
Let s(o) = 8*o + 56. Let r(u) = -u**2 + 115*u - 761. L